{"id":229,"date":"2021-03-10T22:17:50","date_gmt":"2021-03-10T21:17:50","guid":{"rendered":"http:\/\/base-loisirs-dathee.com\/?page_id=229"},"modified":"2025-09-19T16:20:36","modified_gmt":"2025-09-19T14:20:36","slug":"sport-nature","status":"publish","type":"page","link":"https:\/\/base-loisirs-dathee.com\/index.php\/sport-nature\/","title":{"rendered":"Section Multisports"},"content":{"rendered":"<table style=\"width: 100.024%; border-collapse: collapse; border-color: #000000; height: 173px;\">\n<tbody>\n<tr style=\"height: 200px;\">\n<td style=\"width: 100%; height: 173px;\"><img loading=\"lazy\" class=\"wp-image-831  alignright\" src=\"https:\/\/base-loisirs-dathee.com\/wp-content\/uploads\/2025\/09\/ok-2-212x300.png\" alt width=\"241\" height=\"342\" srcset=\"https:\/\/base-loisirs-dathee.com\/wp-content\/uploads\/2025\/09\/ok-2-212x300.png 212w, https:\/\/base-loisirs-dathee.com\/wp-content\/uploads\/2025\/09\/ok-2-724x1024.png 724w, https:\/\/base-loisirs-dathee.com\/wp-content\/uploads\/2025\/09\/ok-2-768x1086.png 768w, https:\/\/base-loisirs-dathee.com\/wp-content\/uploads\/2025\/09\/ok-2-1086x1536.png 1086w, https:\/\/base-loisirs-dathee.com\/wp-content\/uploads\/2025\/09\/ok-2-170x240.png 170w, https:\/\/base-loisirs-dathee.com\/wp-content\/uploads\/2025\/09\/ok-2.png 1414w\" sizes=\"(max-width: 241px) 100vw, 241px\">\n<p style=\"text-align: left;\">Sec\u00adtion d\u00e9di\u00e9e aux enfants<\/p>\n<p>De <span style=\"color: #008000;\"><strong>7 \u00e0 10 ans<\/strong><\/span> :<span style=\"color: #008000;\"><strong> les mer\u00adcre\u00addis de 10h \u00e0&nbsp;12h<\/strong><\/span><\/p>\n<p>De <span style=\"color: #38a836;\"><strong><span style=\"color: #008000;\">11\u201314 ans<\/span> : <\/strong><\/span><strong><span style=\"color: #008000;\"><span style=\"font-family: inherit; font-size: inherit;\">les <\/span>mer\u00adcre\u00addis de 14h \u00e0&nbsp;16h<\/span><\/strong><\/p>\n<p>N\u2019h\u00e9sitez pas \u00e0 con\u00adtac\u00adter la MJC (basedeloisirs@mjc-vire.org) pour les per\u00adson\u00adnes de +<span style=\"font-family: inherit; font-size: inherit;\">15 ans.<\/span><\/p>\n<p>Avec Nico\u00adlas BISSON \u00e9du\u00adca\u00adteur sportif<\/p>\n<p>Tarif annuel : 120 \u20ac + adh\u00e9sion<\/p>\n<p>Pour toutes&nbsp;<strong>infor\u00adma\u00adtions<\/strong>, con\u00adtactez le 07.68.30.64.89 ou \u00e9crivez \u00e0 basedeloisirs@mjc-vire.org.<\/p><\/td>\n<\/tr>\n<\/tbody>\n<\/table>\n<h6>&nbsp;ACTIVIT\u00c9S POSSIBLES&nbsp;:<\/h6>\n<table style=\"border-collapse: collapse; width: 100%; height: 76px;\">\n<tbody>\n<tr style=\"height: 10px;\">\n<td style=\"width: 50%; text-align: center; height: 10px;\"><span style=\"color: #0f8b8d;\"><span style=\"color: #38a836;\">Kayak<\/span><\/span><\/td>\n<td style=\"width: 50%; height: 10px; text-align: center;\"><span style=\"color: #0f8b8d;\">VTT<\/span><\/td>\n<\/tr>\n<tr style=\"height: 10px;\">\n<td style=\"width: 50%; height: 10px; text-align: center;\"><span style=\"color: #0f8b8d;\">Yole<\/span><\/td>\n<td style=\"width: 50%; height: 10px; text-align: center;\"><span style=\"color: #38a836;\">Escalade<\/span><\/td>\n<\/tr>\n<tr style=\"height: 28px;\">\n<td style=\"width: 50%; height: 28px; text-align: center;\"><span style=\"color: #38a836;\">Pad\u00addle<\/span><\/td>\n<td style=\"width: 50%; height: 28px; text-align: center;\"><span style=\"color: #0f8b8d;\">Tir \u00e0&nbsp;l\u2019arc<\/span><\/td>\n<\/tr>\n<tr style=\"height: 28px;\">\n<td style=\"width: 50%; text-align: center; height: 28px;\"><span style=\"color: #0f8b8d;\">Cata\u00adma\u00adran<\/span><\/td>\n<td style=\"width: 50%; text-align: center; height: 28px;\"><span style=\"color: #38a836;\">Biathlon laser<\/span><\/td>\n<\/tr>\n<\/tbody>\n<\/table>\n<p>&nbsp;<\/p>\n","protected":false},"excerpt":{"rendered":"<p>Sec\u00adtion d\u00e9di\u00e9e aux enfants De 7 \u00e0 10 ans : les mer\u00adcre\u00addis de 10h \u00e0&nbsp;12h&nbsp;\u2026<\/p>\n","protected":false},"author":1,"featured_media":0,"parent":0,"menu_order":0,"comment_status":"closed","ping_status":"closed","template":"","meta":{"wp_typography_post_enhancements_disabled":false,"spay_email":""},"_links":{"self":[{"href":"https:\/\/base-loisirs-dathee.com\/index.php\/wp-json\/wp\/v2\/pages\/229"}],"collection":[{"href":"https:\/\/base-loisirs-dathee.com\/index.php\/wp-json\/wp\/v2\/pages"}],"about":[{"href":"https:\/\/base-loisirs-dathee.com\/index.php\/wp-json\/wp\/v2\/types\/page"}],"author":[{"embeddable":true,"href":"https:\/\/base-loisirs-dathee.com\/index.php\/wp-json\/wp\/v2\/users\/1"}],"replies":[{"embeddable":true,"href":"https:\/\/base-loisirs-dathee.com\/index.php\/wp-json\/wp\/v2\/comments?post=229"}],"version-history":[{"count":18,"href":"https:\/\/base-loisirs-dathee.com\/index.php\/wp-json\/wp\/v2\/pages\/229\/revisions"}],"predecessor-version":[{"id":239,"href":"https:\/\/base-loisirs-dathee.com\/index.php\/wp-json\/wp\/v2\/pages\/229\/revisions\/239"}],"wp:attachment":[{"href":"https:\/\/base-loisirs-dathee.com\/index.php\/wp-json\/wp\/v2\/media?parent=229"}],"curies":[{"name":"wp","href":"https:\/\/api.w.org\/{rel}","templated":true}]}}