{"id":304,"date":"2022-02-07T15:28:44","date_gmt":"2022-02-07T14:28:44","guid":{"rendered":"http:\/\/base-loisirs-dathee.com\/?page_id=304"},"modified":"2023-11-24T14:16:59","modified_gmt":"2023-11-24T13:16:59","slug":"evenements-prives","status":"publish","type":"page","link":"https:\/\/base-loisirs-dathee.com\/index.php\/evenements-prives\/","title":{"rendered":"\u00c9v\u00e9nements priv\u00e9s"},"content":{"rendered":"<p><img loading=\"lazy\" class=\" wp-image-177 alignright\" src=\"http:\/\/base-loisirs-dathee.com\/wp-content\/uploads\/2021\/02\/unnamed-300x150.jpg\" alt width=\"215\" height=\"108\" srcset=\"https:\/\/base-loisirs-dathee.com\/wp-content\/uploads\/2021\/02\/unnamed-300x150.jpg 300w, https:\/\/base-loisirs-dathee.com\/wp-content\/uploads\/2021\/02\/unnamed-421x211.jpg 421w, https:\/\/base-loisirs-dathee.com\/wp-content\/uploads\/2021\/02\/unnamed.jpg 512w\" sizes=\"(max-width: 215px) 100vw, 215px\"><\/p>\n<p>La Base de Loisirs et son \u00e9quipe peut vous pro\u00adpos\u00ader dif\u00adf\u00e9rents types d\u2019\u00e9v\u00e9ne\u00adments priv\u00e9s autour desquels sont organ\u00adis\u00e9es dif\u00adf\u00e9rentes activ\u00adit\u00e9s sportives sous forme d\u2019olympiade, de chal\u00adlenge ou d\u2019une sim\u00adple pra\u00adtique en loisirs&nbsp;:<\/p>\n<ul>\n<li>Anniver\u00adsaire, Enter\u00adre\u00adment de vie de jeune fille\/jeune homme, pot de d\u00e9part\u2026<\/li>\n<li>A par\u00adtir de 8 ans, enfants, ados, adultes<\/li>\n<\/ul>\n<p><img loading=\"lazy\" class=\" wp-image-434 alignright\" src=\"http:\/\/base-loisirs-dathee.com\/wp-content\/uploads\/2022\/02\/thumbnail_image001.jpg\" alt width=\"214\" height=\"133\"><\/p>\n<p><strong>Tar\u00adifs :<\/strong><\/p>\n<ul>\n<li>Koh Lan\u2019\u00adDath\u00e9e : 1h30 d\u2019ac\u00adtiv\u00adit\u00e9s \/ 12\u20ac par per\u00adson\u00adne \/ 8 per\u00adson\u00adnes minimum<\/li>\n<li>1 ou 2 activ\u00adit\u00e9s aux choix : 1h30 d\u2019ac\u00adtiv\u00adit\u00e9s \/ 12\u20ac par per\u00adson\u00adne \/ 8 per\u00adson\u00adnes minimum<\/li>\n<\/ul>\n","protected":false},"excerpt":{"rendered":"<p>La Base de Loisirs et son \u00e9quipe peut vous pro\u00adpos\u00ader dif\u00adf\u00e9rents types d\u2019\u00e9v\u00e9ne\u00adments priv\u00e9s autour&nbsp;\u2026<\/p>\n","protected":false},"author":1,"featured_media":0,"parent":0,"menu_order":0,"comment_status":"closed","ping_status":"closed","template":"","meta":{"wp_typography_post_enhancements_disabled":false,"spay_email":""},"_links":{"self":[{"href":"https:\/\/base-loisirs-dathee.com\/index.php\/wp-json\/wp\/v2\/pages\/304"}],"collection":[{"href":"https:\/\/base-loisirs-dathee.com\/index.php\/wp-json\/wp\/v2\/pages"}],"about":[{"href":"https:\/\/base-loisirs-dathee.com\/index.php\/wp-json\/wp\/v2\/types\/page"}],"author":[{"embeddable":true,"href":"https:\/\/base-loisirs-dathee.com\/index.php\/wp-json\/wp\/v2\/users\/1"}],"replies":[{"embeddable":true,"href":"https:\/\/base-loisirs-dathee.com\/index.php\/wp-json\/wp\/v2\/comments?post=304"}],"version-history":[{"count":6,"href":"https:\/\/base-loisirs-dathee.com\/index.php\/wp-json\/wp\/v2\/pages\/304\/revisions"}],"predecessor-version":[{"id":724,"href":"https:\/\/base-loisirs-dathee.com\/index.php\/wp-json\/wp\/v2\/pages\/304\/revisions\/724"}],"wp:attachment":[{"href":"https:\/\/base-loisirs-dathee.com\/index.php\/wp-json\/wp\/v2\/media?parent=304"}],"curies":[{"name":"wp","href":"https:\/\/api.w.org\/{rel}","templated":true}]}}